n 761 is divided by 15.
11
What is the remainder when 2215 is divided by 184?
7
Calculate the remainder when 208 is divided by 6.
4
What is the remainder when 4125 is divided by 32?
29
Calculate the remainder when 997 is divided by 6.
1
Calculate the remainder when 250 is divided by 8.
2
What is the remainder when 4170 is divided by 7?
5
Calculate the remainder when 350 is divided by 140.
70
Calculate the remainder when 484 is divided by 100.
84
Calculate the remainder when 9393 is divided by 58.
55
What is the remainder when 1514 is divided by 38?
32
What is the remainder when 185 is divided by 50?
35
What is the remainder when 511 is divided by 166?
13
Calculate the remainder when 3362 is divided by 116.
114
What is the remainder when 469 is divided by 92?
9
What is the remainder when 643 is divided by 96?
67
What is the remainder when 2253 is divided by 23?
22
Calculate the remainder when 166 is divided by 57.
52
Calculate the remainder when 203 is divided by 16.
11
What is the remainder when 8 is divided by 6?
2
What is the remainder when 730 is divided by 242?
4
Calculate the remainder when 87 is divided by 37.
13
What is the remainder when 40 is divided by 16?
8
Calculate the remainder when 685 is divided by 63.
55
What is the remainder when 5274 is divided by 44?
38
Calculate the remainder when 590 is divided by 37.
35
What is the remainder when 265 is divided by 107?
51
What is the remainder when 3109 is divided by 50?
9
Calculate the remainder when 82 is divided by 26.
4
Calculate the remainder when 187 is divided by 15.
7
Calculate the remainder when 547 is divided by 80.
67
Calculate the remainder when 384 is divided by 77.
76
Calculate the remainder when 1363 is divided by 35.
33
Calculate the remainder when 3825 is divided by 44.
41
What is the remainder when 38 is divided by 5?
3
What is the remainder when 8063 is divided by 42?
41
Calculate the remainder when 2113 is divided by 702.
7
Calculate the remainder when 143 is divided by 72.
71
Calculate the remainder when 320 is divided by 303.
17
Calculate the remainder when 2749 is divided by 547.
14
What is the remainder when 205 is divided by 97?
11
What is the remainder when 26563 is divided by 13?
4
What is the remainder when 573 is divided by 138?
21
What is the remainder when 210 is divided by 68?
6
What is the remainder when 3808 is divided by 36?
28
Calculate the remainder when 438 is divided by 28.
18
Calculate the remainder when 466 is divided by 5.
1
Calculate the remainder when 445 is divided by 88.
5
Calculate the remainder when 74 is divided by 27.
20
What is the remainder when 3997 is divided by 160?
157
What is the remainder when 1157 is divided by 78?
65
Calculate the remainder when 100 is divided by 15.
10
What is the remainder when 262 is divided by 55?
42
Calculate the remainder when 128 is divided by 19.
14
What is the remainder when 250 is divided by 23?
20
Calculate the remainder when 267 is divided by 255.
12
Calculate the remainder when 178 is divided by 20.
18
What is the remainder when 374 is divided by 192?
182
What is the remainder when 455 is divided by 23?
18
What is the remainder when 10669 is divided by 10?
9
What is the remainder when 338 is divided by 38?
34
What is the remainder when 13430 is divided by 111?
110
What is the remainder when 993 is divided by 49?
13
Calculate the remainder when 93 is divided by 44.
5
Calculate the remainder when 223 is divided by 12.
7
What is the remainder when 58 is divided by 7?
2
Calculate the remainder when 85 is divided by 35.
15
Calculate the remainder when 8128 is divided by 271.
269
What is the remainder when 2516 is divided by 14?
10
What is the remainder when 344 is divided by 16?
8
What is the remainder when 584 is divided by 187?
23
Calculate the remainder when 193 is divided by 25.
18
Calculate the remainder when 285 is divided by 18.
15
Calculate the remainder when 44 is divided by 20.
4
What is the remainder when 105 is divided by 38?
29
What is the remainder when 3495 is divided by 100?
95
Calculate the remainder when 425 is divided by 133.
26
What is the remainder when 44 is divided by 31?
13
Calculate the remainder when 336 is divided by 26.
24
What is the remainder when 868 is divided by 58?
56
What is the remainder when 1025 is divided by 53?
18
Calculate the remainder when 87 is divided by 33.
21
Calculate the remainder when 28 is divided by 3.
1
Calculate the remainder when 14084 is divided by 8.
4
Calculate the remainder when 7158 is divided by 31.
28
Calculate the remainder when 363 is divided by 110.
33
Calculate the remainder when 10008 is divided by 154.
152
What is the remainder when 2252 is divided by 11?
8
What is the remainder when 3959 is divided by 45?
44
Calculate the remainder when 375 is divided by 51.
18
What is the remainder when 8519 is divided by 181?
12
Calculate the remainder when 2717 is divided by 32.
29
What is the remainder when 165 is divided by 88?
77
What is the remainder when 1402 is divided by 21?
16
Calculate the remainder when 588 is divided by 70.
28
What is the remainder when 668 is divided by 12?
8
What is the remainder when 575 is divided by 24?
23
What is the remainder when 629 is divided by 98?
41
What is the remainder when 323 is divided by 18?
17
Calculate the remainder when 216 is divided by 60.
36
Calculate the remainder when 28194 is divided by 19.
17
Calculate the remainder when 253 is divided by 45.
28
Calculate the remainder when 5 is divided by 4.
1
What is the remainder when 3417 is divided by 20?
17
What is the remainder when 526 is divided by 53?
49
What is the remainder when 146 is divided by 9?
2
Calculate the remainder when 575 is divided by 12.
11
Calculate the remainder when 12385 is divided by 38.
35
What is the remainder when 261 is divided by 65?
1
What is the remainder when 83 is divided by 28?
27
What is the remainder when 455 is divided by 76?
75
What is the remainder when 620 is divided by 117?
35
Calculate the remainder when 30 is divided by 22.
8
What is the remainder when 175 is divided by 71?
33
What is the remainder when 1059 is divided by 54?
33
What is the remainder when 317 is divided by 11?
9
What is the remainder when 4085 is divided by 146?
143
Calculate the remainder when 246 is divided by 87.
72
Calculate the remainder when 1067 is divided by 79.
40
Calculate the remainder when 3455 is divided by 96.
95
Calculate the remainder when 1093 is divided by 361.
10
Calculate the remainder when 27 is divided by 18.
9
What is the remainder when 8956 is divided by 183?
172
Calculate the remainder when 208 is divided by 114.
94
What is the remainder when 28 is divided by 22?
6
What is the remainder when 79 is divided by 19?
3
What is the remainder when 620 is divided by 309?
2
Calculate the remainder when 3961 is divided by 28.
13
Calculate the remainder when 147 is divided by 43.
18
What is the remainder when 75 is divided by 27?
21
What is the remainder when 160 is divided by 82?
78
What is the remainder when 1436 is divided by 177?
20
Calculate the remainder when 3247 is divided by 26.
23
Calculate the remainder when 9328 is divided by 176.
0
What is the remainder when 235 is divided by 114?
7
What is the remainder when 130 is divided by 8?
2
Calculate the remainder when 6046 is divided by 378.
376
Calculate the remainder when 671 is divided by 82.
15
What is the remainder when 24 is divided by 13?
11
Calculate the remainder when 48 is divided by 25.
23
What is the remainder when 222 is divided by 45?
42
What is the remainder when 139 is divided by 41?
16
Calculate the remainder when 117 is divided by 40.
37
What is the remainder when 1485 is divided by 94?
75
Calculate the remainder when 10619 is divided by 22.
15
What is the remainder when 218 is divided by 17?
14
Calculate the remainder when 148 is divided by 55.
38
Calculate the remainder when 148 is divided by 51.
46
What is the remainder when 385 is divided by 39?
34
What is the remainder when 174 is divided by 28?
6
What is the remainder when 155 is divided by 75?
5
What is the remainder when 2169 is divided by 136?
129
Calculate the remainder when 1845 is divided by 12.
9
Calculate the remainder when 5017 is divided by 1251.
13
What is the remainder when 2878 is divi